me factors of l.
2, 137
Let m(n) = n - 10. Let d be m(10). Suppose -6*z + 6 + 36 = d. List the prime factors of z.
7
Suppose -23*x + 27*x = 24. What are the prime factors of ((-12)/(-5))/(x/220)?
2, 11
Suppose 0 = 2*r - k - 17, 3*k = 3*r - 17 - 7. Let x(c) = -c + c**2 + r*c**2 - 3*c**2 + c**3 + 3. What are the prime factors of x(-7)?
2, 5
Let t(u) be the first derivative of -25*u**2/2 - 9*u + 13. What are the prime factors of t(-3)?
2, 3, 11
Suppose -16 = -4*r, -4*t + 2*r = 3*r - 4. Suppose -2*g + 56 = -t*d + 2*d, g = 1. What are the prime factors of d?
3
List the prime factors of 6*(-4 - -2)/2 + 471.
3, 5, 31
Let k = 51 - 35. Let w = k + -8. What are the prime factors of 4/16 - (-46)/w?
2, 3
Suppose 13*a - 6336 = 125. Suppose 1382 = 5*p + a. What are the prime factors of p?
3, 59
Suppose -3*j = -d + 1492, -2*j = -4*d + 3*j + 5975. What are the prime factors of d?
5, 13, 23
Let w(i) = -i**3 + 3*i**2 + 8*i - 19. Let n be w(5). Let g(y) = 5*y**2 - 2*y - 2. Let p be g(-4). Let a = p + n. List the prime factors of a.
3, 19
Suppose w - 1 - 3 = 0. Suppose w*s - 71 - 285 = 0. Let p = 142 - s. List the prime factors of p.
53
Let o = -16 - -19. Let v be (41/o)/(4/36). Suppose -2*m + v = 5*p, -2*p + m = -0*m - 51. List the prime factors of p.
5
Let w(o) = -21*o - 43. What are the prime factors of w(-26)?
503
Suppose h - 1 = 2. Let d = h - 3. Suppose -i - 3*i + 92 = d. List the prime factors of i.
23
Suppose 3*o + b = 3847 + 2315, 3*o - 5*b = 6162. What are the prime factors of o?
2, 13, 79
Suppose -z - 3*z - 73 = 5*x, z - 50 = 4*x. Let t = x + 30. List the prime factors of t.
17
Let a = 11 + 9. Let u = a + 79. Let f = u - 34. What are the prime factors of f?
5, 13
Let d = -204 - -108. What are the prime factors of (-66)/(-8) - 3*(-8)/d?
2
Let f be 8/((-35)/(-11) - 3). Let u = f + -18. List the prime factors of u.
2, 13
Suppose -17*s = -12*s + 5. Let c = 10 - s. List the prime factors of c.
11
Let x(h) = -35*h - 16. Suppose 7*k - 1 + 50 = 0. What are the prime factors of x(k)?
229
Suppose 5*p - 44 = -19. Suppose 0*v = -p*v - 5. What are the prime factors of (v/2)/(1/(-12))?
2, 3
Suppose 5*r = 4*w + 37, 4*w = -3*r - 1 + 4. Suppose -v + 33 = r*x, v + 3*x + 10 - 47 = 0. List the prime factors of v.
43
Let u(i) = 13*i**2 - 2*i + 9. Let s be u(8). Suppose s = 2*o + 3*o. Suppose -2*p - 5*f + 177 = 2*p, 5*p = 5*f + o. List the prime factors of p.
2, 19
Let r = -515 - -121. Let s = -62 - r. What are the prime factors of s?
2, 83
Let h = -125 - -515. What are the prime factors of h?
2, 3, 5, 13
Let u = 241 + -81. What are the prime factors of u?
2, 5
Suppose -172*y + 4181 = -171*y. What are the prime factors of y?
37, 113
Let p(x) = -14*x**3 - x**2 - x - 2. Let t be p(-2). Let u = -78 + 78. Suppose 0 = -u*r + 4*r - t. What are the prime factors of r?
3
List the prime factors of ((-366)/15)/(8/(-180)).
3, 61
Let j be 10/15 + (-7)/(-3). Suppose -3*o = -5*k - 0*o + j, 5*k + 5*o = 35. Suppose k*x - 142 = 3*m + 2*m, 0 = -2*x - 5*m + 78. List the prime factors of x.
2, 11
Let b(h) = -h**3 + 10*h**2 + 8*h - 23. Let v be b(7). Suppose 2*c = -5*a + 815, a + 0*c - v = 3*c. List the prime factors of a.
3, 5, 11
Let k be 7/(-2)*(28 - 10). Let m = 113 + k. What are the prime factors of m?
2, 5
Let d be 13*1*(3 + -1). Let w = 11 - d. Let h = 54 + w. What are the prime factors of h?
3, 13
Let p = 1670 - 981. What are the prime factors of p?
13, 53
Let p(f) = 39*f - 7. Let v be p(1). Let d = -18 + v. List the prime factors of d.
2, 7
Suppose -v + 1 + 2 = 0. List the prime factors of 18/v - (0 - 3).
3
Suppose 0 = 7*y - 2066 - 216. What are the prime factors of y?
2, 163
Let s(r) = 39*r + 2437. List the prime factors of s(0).
2437
Let l be 1/(-3) + (-13)/(-3). Let i(g) = -7*g - 2*g**2 + 2152 + 5*g**2 - 2148. List the prime factors of i(l).
2, 3
Let q(r) = r**3 + 19*r**2 - 3*r - 39. List the prime factors of q(-18).
3, 113
Let a be 88 + 4 - 6/(-2) - 0. Let j = -12 + a. What are the prime factors of j?
83
Suppose 5*d = -3*k + 430 + 1090, 3*k = 0. List the prime factors of d.
2, 19
Suppose 0 = 3*z + 4 - 22. Let a be 2/3 + z/(-9). Suppose -4*b + 8 + 140 = a. List the prime factors of b.
37
Let o(c) be the second derivative of -c**4/12 + c**2 + 4*c. Let a be o(0). Suppose 51 = q + a*q. List the prime factors of q.
17
Let w be ((-98)/8)/((-9)/(-36)). Let z = -13 - w. List the prime factors of z.
2, 3
Let y = -1 - -4. Suppose y*l - 61 = 41. Let n = l + -11. List the prime factors of n.
23
Let n = -290 - 188. What are the prime factors of (n/(-4))/((-2)/(-4))?
239
Let r(c) = 5*c + 1. Let d be r(1). Suppose -234 = 3*h - d*h. List the prime factors of h.
2, 3, 13
Suppose -4*c + 3*c - 25 = -3*q, -c + 23 = 3*q. Suppose q*w = 10*w - 14. What are the prime factors of w?
7
Suppose 4*k + k - 746 = d, -4*d = -16. Let g = k - -22. List the prime factors of g.
2, 43
Let u(r) = 10*r**3 + r**2 + 5. Let a be u(5). Suppose -3*x + 8*x - a = 0. Suppose 7*h + h = x. What are the prime factors of h?
2
What are the prime factors of (298/8*-6)/((-66)/176)?
2, 149
Let x(z) = 839*z**3 + 3*z - 4. What are the prime factors of x(1)?
2, 419
Let i(y) = y**3 + 11*y**2 + 11*y + 8. Let s be i(-8). Let p = s + -27. Suppose -71 = -6*g + p. What are the prime factors of g?
2, 13
Let o(i) be the second derivative of -i**3/6 + i**2/2 + 4*i. Let j be o(3). Let q = 8 - j. What are the prime factors of q?
2, 5
Let z(m) = m**3 - 9*m**2 + 20*m - 11. Let o(d) = d**2 + d - 1. Let h(q) = 6*o(q) - z(q). What are the prime factors of h(14)?
5
Suppose 5*i - 5*l = 6*i - 559, -2753 = -5*i - 4*l. Suppose -5*k + 14*k - i = 0. What are the prime factors of k?
61
Suppose -h + d = -732, 4*d - 2199 = -3*h + 8*d. What are the prime factors of h?
3
Let h = 347 + -177. Suppose 5*r + h = 510. What are the prime factors of r?
2, 17
Let g be 32/4 + -4 - -2. What are the prime factors of 65 - (21/g)/(-7)*0?
5, 13
Let v(k) = -127*k + 54. What are the prime factors of v(-4)?
2, 281
Let c = -1094 - -2242. List the prime factors of c.
2, 7, 41
Suppose 0 = 19*p - 23132 - 9073. List the prime factors of p.
3, 5, 113
Suppose -140 = -5*g + u, 0*u = -3*g + 4*u + 101. What are the prime factors of (-1)/(g/30 - 1)?
2, 5
Let x be 3/2*-1*-2. Suppose x*l + 40 = 8*l. What are the prime factors of 344/6 - l/(-12)?
2, 29
Let y be 12/6 + -1 + 2. Let x be (0 + 1)*(-2080)/(-8). Suppose -4*g = 4*a - x, 0 = -y*g - g + 3*a + 281. List the prime factors of g.
2, 17
Suppose 70*h - 75*h = 0. Let c be ((-3)/(-4))/((-1)/(-64)). List the prime factors of c/16 - (h - 16).
19
What are the prime factors of (-796)/(-2) - 11/((-77)/42)?
2, 101
Suppose 4*f - 3*y = 26 + 12, -f = 2*y - 15. Let i be (-2)/3 - f/(-3). Let x(p) = 6*p - 5. What are the prime factors of x(i)?
13
Let n(r) = 2*r**2 - 5*r + 12. Let a be n(9). Suppose a = -5*h + 8*h. List the prime factors of h.
43
Suppose -8*a - 11226 + 40882 = 0. What are the prime factors of a?
11, 337
Let v = -3083 - -5866. What are the prime factors of v?
11, 23
Suppose 2*g = t + 331 + 291, -4*g - 2*t + 1228 = 0. What are the prime factors of g?
3, 103
Suppose -h + 12 = 5*q - 4*q, 48 = 5*h - q. Suppose h*n - 572 = 6*n. What are the prime factors of n?
11, 13
Suppose 17*s - 4056 = -3*i + 14*s, -5*i + 2*s = -6788. List the prime factors of i.
2, 3, 113
Let g = -196 - -996. Suppose -y = 3*y - g. List the prime factors of y.
2, 5
Let t = 503 - 462. What are the prime factors of t?
41
Suppose 0*z - 5*z + 337 = 3*j, -5*z = -5*j + 535. Suppose j = 6*o - 179. What are the prime factors of o?
2, 3
Suppose -5*p + 112 = -r, -4*r = -2*p + 23 + 11. Let v(l) = 4*l - 37. List the prime factors of v(p).
5, 11
Suppose 29 = -3*r + 557. Suppose -2*g = -3*n + 283, r = 2*n - 0*n + 5*g. List the prime factors of n.
3, 31
Suppose 24 = 5*v - 51. Suppose -v*k + 10 = -14*k. List the prime factors of k.
2, 5
Let b(q) = -q**3 - q**2 - 2*q + 1. Let x be b(0). Let m be x/(1/(6 - 3)). Suppose m*c - 109 = v, -c - 14 + 49 = -v. What are the prime factors of c?
37
Let v(t) = 2*t - 12. Let n = -18 - -36. Suppose 0 = -4*x - 3*f + n + 14, -2*f = 3*x - 24. List the prime factors of v(x).
2
Let y(q) be the first derivative of -21*q**4/4 - 3. What are the prime factors of y(-1)?
3, 7
Suppose 0 = -79*o + 63*o + 19840. List the prime factors of o.
2, 5, 31
Suppose -2*u = -6*u